n 98 is divided by 41.
16
Calculate the remainder when 67 is divided by 4.
3
Calculate the remainder when 18 is divided by 14.
4
Calculate the remainder when 173 is divided by 70.
33
What is the remainder when 2949 is divided by 41?
38
What is the remainder when 14854 is divided by 28?
14
Calculate the remainder when 38 is divided by 16.
6
Calculate the remainder when 1725 is divided by 102.
93
Calculate the remainder when 2445 is divided by 153.
150
Calculate the remainder when 449 is divided by 30.
29
What is the remainder when 301 is divided by 26?
15
What is the remainder when 5608 is divided by 374?
372
What is the remainder when 624 is divided by 11?
8
What is the remainder when 4123 is divided by 55?
53
What is the remainder when 210 is divided by 62?
24
What is the remainder when 374 is divided by 118?
20
Calculate the remainder when 1491 is divided by 83.
80
What is the remainder when 59 is divided by 54?
5
Calculate the remainder when 119 is divided by 60.
59
Calculate the remainder when 218 is divided by 72.
2
Calculate the remainder when 1271 is divided by 75.
71
Calculate the remainder when 387 is divided by 135.
117
Calculate the remainder when 79 is divided by 36.
7
What is the remainder when 1023 is divided by 43?
34
Calculate the remainder when 1159 is divided by 370.
49
What is the remainder when 301 is divided by 38?
35
Calculate the remainder when 40 is divided by 26.
14
What is the remainder when 67999 is divided by 85?
84
Calculate the remainder when 95 is divided by 42.
11
What is the remainder when 98 is divided by 48?
2
What is the remainder when 114 is divided by 41?
32
What is the remainder when 131 is divided by 45?
41
Calculate the remainder when 12010 is divided by 9.
4
Calculate the remainder when 117 is divided by 43.
31
What is the remainder when 542 is divided by 46?
36
What is the remainder when 128 is divided by 40?
8
What is the remainder when 807 is divided by 15?
12
What is the remainder when 12181 is divided by 6090?
1
What is the remainder when 271 is divided by 50?
21
Calculate the remainder when 221 is divided by 32.
29
Calculate the remainder when 2355 is divided by 10.
5
What is the remainder when 29187 is divided by 289?
287
Calculate the remainder when 88 is divided by 38.
12
Calculate the remainder when 87 is divided by 11.
10
What is the remainder when 4024 is divided by 44?
20
What is the remainder when 13155 is divided by 286?
285
Calculate the remainder when 210 is divided by 43.
38
What is the remainder when 5197 is divided by 130?
127
Calculate the remainder when 2838 is divided by 285.
273
What is the remainder when 1375 is divided by 12?
7
What is the remainder when 323 is divided by 44?
15
Calculate the remainder when 1224 is divided by 78.
54
What is the remainder when 539 is divided by 90?
89
Calculate the remainder when 68 is divided by 22.
2
Calculate the remainder when 112 is divided by 65.
47
What is the remainder when 4413 is divided by 34?
27
What is the remainder when 74 is divided by 11?
8
Calculate the remainder when 202 is divided by 75.
52
What is the remainder when 252 is divided by 85?
82
What is the remainder when 211 is divided by 110?
101
Calculate the remainder when 367 is divided by 201.
166
Calculate the remainder when 163 is divided by 30.
13
Calculate the remainder when 303 is divided by 5.
3
Calculate the remainder when 502 is divided by 11.
7
Calculate the remainder when 1219 is divided by 11.
9
What is the remainder when 5095 is divided by 98?
97
Calculate the remainder when 6208 is divided by 30.
28
Calculate the remainder when 22426 is divided by 28.
26
Calculate the remainder when 339 is divided by 95.
54
What is the remainder when 91 is divided by 51?
40
What is the remainder when 391 is divided by 22?
17
Calculate the remainder when 742 is divided by 731.
11
What is the remainder when 55 is divided by 44?
11
What is the remainder when 1402 is divided by 23?
22
Calculate the remainder when 759 is divided by 17.
11
What is the remainder when 292 is divided by 49?
47
What is the remainder when 110 is divided by 22?
0
What is the remainder when 3154 is divided by 395?
389
Calculate the remainder when 123 is divided by 118.
5
What is the remainder when 387 is divided by 32?
3
What is the remainder when 37 is divided by 20?
17
Calculate the remainder when 831 is divided by 54.
21
What is the remainder when 488 is divided by 12?
8
Calculate the remainder when 782 is divided by 18.
8
Calculate the remainder when 6621 is divided by 53.
49
Calculate the remainder when 1008 is divided by 281.
165
Calculate the remainder when 87 is divided by 23.
18
Calculate the remainder when 387 is divided by 39.
36
Calculate the remainder when 46 is divided by 17.
12
Calculate the remainder when 1564 is divided by 29.
27
What is the remainder when 369 is divided by 43?
25
What is the remainder when 1422 is divided by 143?
135
What is the remainder when 498 is divided by 240?
18
Calculate the remainder when 484 is divided by 81.
79
Calculate the remainder when 2221 is divided by 33.
10
What is the remainder when 426 is divided by 13?
10
Calculate the remainder when 775 is divided by 295.
185
Calculate the remainder when 1487 is divided by 10.
7
Calculate the remainder when 537 is divided by 108.
105
What is the remainder when 37 is divided by 22?
15
Calculate the remainder when 1006 is divided by 6.
4
Calculate the remainder when 299 is divided by 50.
49
What is the remainder when 1359 is divided by 31?
26
Calculate the remainder when 1262 is divided by 23.
20
Calculate the remainder when 4367 is divided by 168.
167
Calculate the remainder when 841 is divided by 15.
1
What is the remainder when 394 is divided by 389?
5
What is the remainder when 19 is divided by 12?
7
Calculate the remainder when 320 is divided by 158.
4
What is the remainder when 1150 is divided by 34?
28
What is the remainder when 70302 is divided by 32?
30
What is the remainder when 89 is divided by 18?
17
Calculate the remainder when 1226 is divided by 8.
2
Calculate the remainder when 351 is divided by 51.
45
Calculate the remainder when 9918 is divided by 16.
14
What is the remainder when 155 is divided by 18?
11
What is the remainder when 143 is divided by 45?
8
What is the remainder when 77034 is divided by 217?
216
What is the remainder when 2275 is divided by 69?
67
What is the remainder when 122 is divided by 23?
7
What is the remainder when 147 is divided by 57?
33
Calculate the remainder when 156 is divided by 8.
4
What is the remainder when 2284 is divided by 18?
16
Calculate the remainder when 144 is divided by 19.
11
Calculate the remainder when 1305 is divided by 17.
13
Calculate the remainder when 92 is divided by 5.
2
Calculate the remainder when 3481 is divided by 67.
64
What is the remainder when 272 is divided by 188?
84
What is the remainder when 517 is divided by 31?
21
What is the remainder when 399 is divided by 50?
49
Calculate the remainder when 268 is divided by 68.
64
Calculate the remainder when 25 is divided by 15.
10
Calculate the remainder when 759 is divided by 7.
3
What is the remainder when 2712 is divided by 97?
93
What is the remainder when 5204 is divided by 41?
38
What is the remainder when 443 is divided by 111?
110
What is the remainder when 4944 is divided by 51?
48
Calculate the remainder when 4361 is divided by 91.
84
Calculate the remainder when 270 is divided by 164.
106
What is the remainder when 274 is divided by 92?
90
Calculate the remainder when 369 is divided by 44.
17
What is the remainder when 290 is divided by 99?
92
Calculate the remainder when 1124 is divided by 75.
74
What is the remainder when 879 is divided by 857?
22
Calculate the remainder when 2099 is divided by 210.
209
What is the remainder when 16 is divided by 12?
4
Calculate the remainder when 167 is divided by 103.
64
Calculate the remainder when 3191 is divided by 82.
75
Calculate the remainder when 173 is divided by 25.
23
What is the remainder when 101 is divided by 7?
3
Calculate the remainder when 179 is divided by 75.
29
What is the remainder when 37777 is divided by 20?
17
What is the remainder when 164 is divided by 158?
6
What is the remainder when 2010 is divided by 2005?
5
What is